*1?
1
What is the tens digit of 380 + -24 - (1*-5 + 2)?
5
Let h = 2291 - 1547. What is the units digit of h?
4
What is the hundreds digit of 3043 + -5*(-3)/3?
0
Let f be (-141)/(-21) + 10/(-105)*-3. Suppose -i + f*i - 300 = 0. What is the tens digit of i?
5
Suppose -6*d = 6*d - 20580. What is the thousands digit of d?
1
Let f(s) = 3*s**2 + 32*s - 11. Let t be f(-11). Suppose 5*o + 124 - 714 = t. What is the hundreds digit of o?
1
Let f(m) = 300*m**2 - 58*m + 1. What is the thousands digit of f(-3)?
2
Suppose -5 = 5*h - 0*h, 4*q = 2*h + 1970. What is the hundreds digit of q?
4
Suppose -2*q + 4 = -6, -3*x - 3*q + 2430 = 0. What is the hundreds digit of x?
8
What is the units digit of (-5063794)/(-1507) + (-2)/11?
0
Let h = -825 + 460. Let z = -205 - h. What is the units digit of z?
0
What is the hundreds digit of 11208/(-30)*-1*25/10?
9
Suppose 5*i - 1 - 9 = 0. Let h be 4/(-14) - 114/(-7). Suppose z - i*z + h = 0. What is the tens digit of z?
1
Suppose 0*n = n + j - 20, 0 = -3*n + 3*j + 90. Let i = 1 - 1. Suppose a + i*a = n. What is the tens digit of a?
2
Suppose 5*r - 12 - 3 = 0. Suppose 108 = r*f - f. What is the tens digit of f?
5
Suppose 24*k - 22*k - 132 = 0. What is the units digit of k?
6
Suppose -2 = -0*u - u. Suppose -4*o - o = -3*c - 245, -u*o = -3*c - 98. What is the tens digit of o?
4
Suppose 8899 + 16733 = 36*j. What is the units digit of j?
2
Let a(m) = 63*m**2 - 34*m - 69. What is the tens digit of a(-2)?
5
Let v = 38 - 38. Suppose 0 = o - 4*s - 34, v = 3*o - 2*s - 40 - 112. What is the tens digit of o?
5
Let u(d) = d**2 - d - 4. Let j be u(3). Suppose -185 = -5*l - n, -n - 67 = -j*l - 0*n. What is the tens digit of l?
3
Let o = -7 - 3. Let s be ((-8)/(-5))/((-4)/o). Suppose 2*x - 28 - 6 = s*t, 2*t - 25 = -5*x. What is the units digit of x?
7
Let j(f) = -7*f - 10. Let n(i) = 6*i + 9. Let r(h) = -4*j(h) - 5*n(h). Let s be r(-5). Suppose 70 = -3*k + s*k. What is the units digit of k?
5
Let n(w) = w**2 - 8*w + 9. Let y be ((-63)/27)/(2/(-6)). Let z be n(y). What is the units digit of ((-2)/z)/((-2)/74)?
7
What is the tens digit of (-3712 + 4)/(-3) - -4?
4
Suppose 4*m + 24 = -n, m - 2*m = -4*n - 11. What is the tens digit of 5*(-2 + -83)/m?
8
Suppose r + 76 = -129. Let f = r - -387. What is the tens digit of f?
8
Let h(q) = q - 5. Let n = 16 - 8. Let g be h(n). Suppose -g*k + 0*k = -63. What is the units digit of k?
1
Let y(o) = 1027*o - 5. What is the thousands digit of y(1)?
1
Suppose 4*j - 18068 = 4*b, -3*b = 18*j - 14*j - 18068. What is the tens digit of j?
1
Let z(s) = -132*s + 8. What is the thousands digit of z(-9)?
1
Let d(h) = 10*h**2 + 9*h - 4. Let v be d(-4). Suppose -k + 420 = 5*z - z, 0 = z + 4*k - v. What is the units digit of z?
4
Let l(z) = -z**2 - 7*z - 4. Let s be l(-6). Let b(a) = 19*a - 2. What is the tens digit of b(s)?
3
Suppose 0 = -3*g + 2*t + 7586, -10*t - 5084 = -2*g - 14*t. What is the units digit of g?
2
Let n = 218 + 274. What is the tens digit of n?
9
Let u(q) be the second derivative of q**5/20 + q**3/6 + 5*q**2/2 - 5*q. Let j be u(0). Suppose -a = 2*f + 4*a - 14, -j*f + 62 = -a. What is the tens digit of f?
1
Suppose 5*a + 4*k = 286, 0 = 2*a - 26*k + 22*k - 120. Suppose 62 = -6*c + 4*c. Let x = c + a. What is the units digit of x?
7
Let n(p) = 7*p**2 + 9*p + 2. Let h be n(-5). Suppose 0 = 2*w - 4*v - h, -375 = -4*w - 4*v - 99. What is the units digit of w?
8
Suppose 3*s + 0*s = 4*l + 61, 42 = s + 3*l. Let z = 61 + s. What is the tens digit of z?
8
Suppose 1 + 3 = 2*q. Suppose -4*f - 20 - 14 = -d, 4*f = q*d - 68. What is the tens digit of d?
3
Let p(y) = 2*y**2 - 18*y - 8. Let o be p(10). Suppose 0 = -o*a - 65 + 941. What is the tens digit of a?
7
Suppose 665 = -8*x - 1759. Let n = x + 442. What is the units digit of n?
9
Let o(r) = r**2 + 10*r + 12. Let k be o(-9). Suppose 3*s - 828 = -k*s. What is the tens digit of s?
3
Let u be (21/(-14))/(9/(-42)). Suppose 4*a - 31 = -u. What is the units digit of (-3)/(0 - 9)*a?
2
Let i(z) = -5*z**3 - 13*z**2 + 11*z + 57. What is the hundreds digit of i(-10)?
6
Suppose 0 = i - 121 - 164. Let o = i + -104. What is the hundreds digit of o?
1
Let j = 61 + 284. What is the hundreds digit of j?
3
Let t(a) = a**2 - 8*a - 8. Let i be t(10). Suppose s = f + 2, -3*f - 3 = 2*s - i. Suppose 3 = 3*g + s*q - 0, 4*g - 4*q = 20. What is the units digit of g?
3
Suppose -3*r = -5*r + 44. Suppose -2*b = -5*s + r, -s + 0*s + 18 = 3*b. Suppose -34 = -2*p - s. What is the tens digit of p?
1
Suppose 1 = -2*m + 29. Let s be (4 + -2)*m/(-1). Let c = s + 68. What is the units digit of c?
0
What is the units digit of -4 + (-115)/(-2)*40/100?
9
Let d = 1 - 2. Suppose 5*s = 8*s - 45. What is the units digit of d/((-48)/s + 3)?
5
Let v(a) = -33*a**2 - 246*a - 6. What is the units digit of v(-6)?
2
Let b be (-4 - -4 - 0) + 15. Suppose -2*m + g - 20 = m, 0 = -2*m + 2*g - 20. What is the units digit of 1/(-3)*b/m?
1
Let b be -1*(-2)/(8/20). Suppose 3*n + 6 = -0*n, -333 = -b*w - n. What is the units digit of w?
7
Let u(x) = 87*x + 15. Let m be u(3). Suppose o + 3*o = m. What is the units digit of o?
9
Suppose 30 = 23*y - 21*y. What is the units digit of 3/(y/5)*50?
0
What is the units digit of 2264 - 66 - (1 - 5)?
2
Let c = -5 - -10. Let k(r) = -r**3 + 11*r**2 - r + 16. Let v be k(11). Suppose b + 76 = v*n + 2*b, 0 = -c*n - 5*b + 80. What is the tens digit of n?
1
Let f be -13 + 9 + 1 + 7. Suppose f*d = 24 + 164. What is the tens digit of d?
4
Let a be (-757)/4 - (-3)/(-4). Let f = -125 - a. What is the tens digit of f?
6
Let a = 2665 + -1807. What is the tens digit of a?
5
Let b = 5 - 5. Suppose -u + 92 + 102 = b. What is the tens digit of u?
9
Suppose 2*o - 14 = o. Let x(c) = c**3 - 15*c**2 + 14*c + 15. Let h be x(o). What is the tens digit of 16 + -15 + 0 + h?
1
Let j = 3588 - 2426. What is the units digit of j?
2
Let r(w) = -w**3 - 10*w**2 - 3*w - 3. Suppose 0 = -0*l + l + 9. Let p be r(l). Let m = 83 + p. What is the tens digit of m?
2
Suppose -i - c + 508 = 0, 2*c + 2575 = -3*i + 8*i. What is the units digit of i?
3
Suppose 5*o + 5 = 0, 0 = 3*b + 2*o - o + 4. Let l(a) = -3*a**3 + 4 + a - 3 - 11*a**3 - a**2. What is the units digit of l(b)?
3
Suppose -58*a + 56*a + 2054 = 0. What is the tens digit of a?
2
What is the tens digit of ((-116)/(-16))/((-1)/(-12))?
8
Let t(d) = -d**3 + 4*d**2 + 4*d - 1. Let c be t(5). Let k = 8 + c. Suppose 0 = 2*b + k*b - 164. What is the units digit of b?
1
Suppose 11902 = 8*q - 1498. What is the units digit of q?
5
Let o(s) = 35*s - 30. What is the units digit of o(44)?
0
Suppose 271 = 2*g + 2*k - 7*k, -5*g + 2*k + 625 = 0. Suppose 8*a - 595 = -g. What is the tens digit of a?
5
Let f(s) = 14*s**2 + 51*s - 29. What is the hundreds digit of f(-21)?
0
Let t = 611 - 346. What is the units digit of t?
5
Let f = -173 - -555. What is the units digit of f?
2
Let d = -626 - -234. Let b = d + 574. What is the hundreds digit of b?
1
Let i(k) = -k**3 - 2*k**2 - 2*k + 4. Let z be i(0). What is the tens digit of (-1 - -1 - -2)*314/z?
5
Let z be 29 - -1*(-2 - -2). Let q = 27 - z. What is the units digit of 4/q*329/(-14)?
7
Let c = -176 - -560. What is the hundreds digit of c?
3
Let s = -110 - -57. Let r = 112 + s. Suppose 3*i - r - 55 = 0. What is the tens digit of i?
3
Let y = -45 - -897. What is the hundreds digit of y?
8
Suppose 0 = 17*j - 2987 - 2147. What is the tens digit of j?
0
Suppose -3*s - h = -11, 0 = 5*h + 6 - 1. Suppose -s*x = -3*t + 36, 4*t + x - 47 = 6*x. Suppose 5*n + 102 = t*n. What is the tens digit of n?
3
Let t be ((-2)/(-3))/((-2)/39). Let z(w) = -2*w + 30. What is the units digit of z(t)?
6
Let x = -82 - -170. What is the tens digit of x?
8
Let m be 10/55 - (-779)/11. Suppose -w = -2*k + m, 7*w = 3*w + 4. What is the units digit of k?
6
Let i = 152 + 254. What is the hundreds digit of i?
4
Suppose -10*v + 1950 = -4*v. Suppose 5*z + v = 5*q, q + 2*z - 62 = -0*z. What is the units digit of q?
4
Suppose -5565 = 26*m - 41*m. What is the tens digit of m?
7
Suppose -2*z = -5*x + z + 1790, -x - 4*z + 335 = 0. What is the hundreds digit of x?
3
Let i(s) be the first derivative of 5 + 11/2*s**2 + 1/4*s**4 - 5/3*s**3 - 7*s. What is the tens digit of i(5)?
4
Suppose -5*m + 46 = 3*o, -o - 4 + 10 = 4*m. What is the hundreds digit of o*(-1)/4*-24?
1
Suppose 5*c -